90745 is divided by 492.
217
What is the remainder when 207607890 is divided by 316?
314
What is the remainder when 164993 is divided by 1567?
458
What is the remainder when 1026130 is divided by 17391?
61
What is the remainder when 317097040 is divided by 1724?
1720
What is the remainder when 2015814 is divided by 2916?
858
Calculate the remainder when 157422 is divided by 31472.
62
Calculate the remainder when 84580 is divided by 435.
190
Calculate the remainder when 112444198 is divided by 303.
292
Calculate the remainder when 45297451 is divided by 890.
11
Calculate the remainder when 120344 is divided by 466.
116
What is the remainder when 28681 is divided by 2204?
29
Calculate the remainder when 2899392 is divided by 7.
6
Calculate the remainder when 6683871 is divided by 1203.
3
Calculate the remainder when 6997 is divided by 857.
141
Calculate the remainder when 116742 is divided by 1771.
1627
Calculate the remainder when 58781752 is divided by 794348.
0
Calculate the remainder when 6867083 is divided by 19676.
159
What is the remainder when 11198436 is divided by 579?
576
Calculate the remainder when 508171 is divided by 6800.
4971
What is the remainder when 333067 is divided by 5395?
3972
What is the remainder when 14372628 is divided by 8410?
8348
What is the remainder when 75226 is divided by 539?
305
Calculate the remainder when 386401 is divided by 193136.
129
What is the remainder when 11224482 is divided by 189?
150
Calculate the remainder when 146590 is divided by 146571.
19
What is the remainder when 3203481 is divided by 27?
12
What is the remainder when 67889 is divided by 67579?
310
Calculate the remainder when 47141688 is divided by 59.
39
What is the remainder when 45627851 is divided by 1535?
1511
What is the remainder when 992333 is divided by 662?
657
What is the remainder when 1887780 is divided by 192?
36
What is the remainder when 29933563 is divided by 787725?
13
Calculate the remainder when 21016737 is divided by 1616672.
1
Calculate the remainder when 114620 is divided by 318.
140
Calculate the remainder when 1378927 is divided by 1378907.
20
What is the remainder when 1556608 is divided by 37062?
4
Calculate the remainder when 18089 is divided by 3001.
83
Calculate the remainder when 7304 is divided by 2400.
104
Calculate the remainder when 23673407 is divided by 57740.
7
Calculate the remainder when 22052313 is divided by 153.
117
What is the remainder when 104238 is divided by 345?
48
What is the remainder when 272207 is divided by 2700?
2207
Calculate the remainder when 252613 is divided by 322.
165
Calculate the remainder when 1988744 is divided by 662895.
59
What is the remainder when 36017285 is divided by 12005759?
8
What is the remainder when 172809 is divided by 4134?
3315
Calculate the remainder when 6956739 is divided by 42.
27
What is the remainder when 2448865 is divided by 5312?
33
Calculate the remainder when 4502614 is divided by 38.
32
Calculate the remainder when 186081340 is divided by 124.
120
Calculate the remainder when 66378 is divided by 8.
2
Calculate the remainder when 8029201 is divided by 27.
22
What is the remainder when 1503937 is divided by 1507?
1458
Calculate the remainder when 42878778 is divided by 1879.
1877
Calculate the remainder when 230336 is divided by 1002.
878
Calculate the remainder when 281676 is divided by 16557.
207
Calculate the remainder when 633887981 is divided by 126.
125
Calculate the remainder when 967473 is divided by 619.
595
What is the remainder when 1209130 is divided by 109902?
208
Calculate the remainder when 33342404 is divided by 27.
23
What is the remainder when 323755 is divided by 40469?
3
What is the remainder when 29848 is divided by 4968?
40
Calculate the remainder when 90649 is divided by 1054.
5
Calculate the remainder when 14255 is divided by 6880.
495
Calculate the remainder when 613563 is divided by 805.
153
What is the remainder when 3027059 is divided by 1009013?
20
Calculate the remainder when 80264 is divided by 79171.
1093
What is the remainder when 325538 is divided by 1236?
470
Calculate the remainder when 3516 is divided by 236.
212
What is the remainder when 2056212 is divided by 16462?
14924
Calculate the remainder when 7563712 is divided by 147.
121
Calculate the remainder when 13689 is divided by 3452.
3333
Calculate the remainder when 309610 is divided by 882.
28
Calculate the remainder when 33622878 is divided by 83.
76
What is the remainder when 86232 is divided by 3521?
1728
What is the remainder when 117490 is divided by 39159?
13
Calculate the remainder when 253812238 is divided by 6585.
6583
Calculate the remainder when 1893889 is divided by 29.
15
Calculate the remainder when 2977949 is divided by 9.
2
What is the remainder when 2418295 is divided by 83389?
14
What is the remainder when 3996344 is divided by 1188?
1100
Calculate the remainder when 1390497 is divided by 45.
42
What is the remainder when 19658070 is divided by 223387?
14
Calculate the remainder when 292166660 is divided by 2894.
2890
Calculate the remainder when 136493623 is divided by 45497873.
4
Calculate the remainder when 91173 is divided by 6938.
979
What is the remainder when 245353 is divided by 61184?
617
What is the remainder when 154769 is divided by 30664?
1449
Calculate the remainder when 1320560 is divided by 2896.
2880
What is the remainder when 30263 is divided by 27354?
2909
Calculate the remainder when 514036 is divided by 2358.
2350
What is the remainder when 12881 is divided by 568?
385
What is the remainder when 14620491 is divided by 42?
39
Calculate the remainder when 9046 is divided by 2631.
1153
Calculate the remainder when 98136 is divided by 7079.
6109
Calculate the remainder when 71072718 is divided by 70.
38
What is the remainder when 4296 is divided by 62?
18
What is the remainder when 3230038 is divided by 3230037?
1
What is the remainder when 131096 is divided by 65181?
734
Calculate the remainder when 493766 is divided by 72.
62
Calculate the remainder when 161219 is divided by 1565.
24
What is the remainder when 1066949 is divided by 110?
59
What is the remainder when 14886 is divided by 7387?
112
Calculate the remainder when 4509456 is divided by 3684.
240
Calculate the remainder when 30651399 is divided by 20.
19
Calculate the remainder when 38150486 is divided by 78.
62
Calculate the remainder when 958495 is divided by 56378.
69
What is the remainder when 3716139 is divided by 1858061?
17
Calculate the remainder when 107737979 is divided by 52761.
17
What is the remainder when 989203 is divided by 246855?
1783
Calculate the remainder when 8425665 is divided by 1054.
1043
Calculate the remainder when 47881 is divided by 732.
301
What is the remainder when 2485513 is divided by 6?
1
Calculate the remainder when 2321706 is divided by 61094.
134
Calculate the remainder when 797065 is divided by 3482.
3169
Calculate the remainder when 90597135 is divided by 1526.
41
What is the remainder when 1021652 is divided by 308?
16
What is the remainder when 306307 is divided by 76104?
1891
Calculate the remainder when 544127 is divided by 3676.
79
What is the remainder when 1294807 is divided by 258947?
72
What is the remainder when 102000 is divided by 20399?
5
What is the remainder when 857067 is divided by 267?
264
Calculate the remainder when 2492954 is divided by 14245.
79
Calculate the remainder when 385910 is divided by 13064.
7054
What is the remainder when 28076248 is divided by 105?
88
What is the remainder when 314123 is divided by 208?
43
What is the remainder when 22805 is divided by 74?
13
Calculate the remainder when 5588959 is divided by 9029.
8
What is the remainder when 1901790 is divided by 819?
72
Calculate the remainder when 316030 is divided by 10889.
249
Calculate the remainder when 1211682 is divided by 3231.
57
Calculate the remainder when 94433 is divided by 1281.
920
What is the remainder when 448197 is divided by 16583?
456
Calculate the remainder when 14480417 is divided by 42.
35
What is the remainder when 503795 is divided by 3117?
1958
What is the remainder when 784153 is divided by 498?
301
Calculate the remainder when 37206 is divided by 5800.
2406
Calculate the remainder when 2813506383 is div